03003331201
In base 11, what is 1001a + -4159?
6971
In base 15, what is 1490d - -da?
149e8
In base 8, what is -3235 + -1351?
-4606
In base 16, what is 2 - 303d25?
-303d23
In base 15, what is -283 + d83db?
d8158
In base 8, what is 50 - -1134674?
1134744
In base 15, what is -b9 + -1b896a?
-1b8a34
In base 2, what is 1101 - -11111000011100100111?
11111000011100110100
In base 5, what is 33444 - -2120?
41114
In base 3, what is -1002212112102 - 201?
-1002212120010
In base 8, what is -4 + -1500237112?
-1500237116
In base 15, what is -4 - 49d84b8?
-49d84bc
In base 7, what is 24126 - 3?
24123
In base 10, what is -98484 + 6699?
-91785
In base 11, what is -5 + 9a40530a?
9a405305
In base 13, what is -24 - 38356?
-3837a
In base 13, what is -5 - 28554151?
-28554156
In base 15, what is 14b3a + d5?
14c20
In base 16, what is a344 + -20c3?
8281
In base 5, what is 12123 + 211121?
223244
In base 2, what is 101100111001011010001010000110 + 10?
101100111001011010001010001000
In base 16, what is 6a2 + eaa?
154c
In base 4, what is -102 - -312213000?
312212232
In base 2, what is 0 - 1101100111100011010011010110?
-1101100111100011010011010110
In base 4, what is -2131 - -32131220?
32123023
In base 2, what is 11 - 11010110101111011011?
-11010110101111011000
In base 3, what is 1 - -10100200112010121?
10100200112010122
In base 13, what is 5c7c - 445?
5837
In base 13, what is 6bb3c - -1?
6bb40
In base 16, what is a2 - d222?
-d180
In base 11, what is -569443 - -79?
-569375
In base 4, what is 113 + 1330321213?
1330321332
In base 8, what is 15 + 60674146?
60674163
In base 11, what is -222a7503 + 14?
-222a749a
In base 12, what is 142 + 701a08?
701b4a
In base 11, what is -44 + -1117a3?
-111837
In base 7, what is 131010 - -4501?
135511
In base 8, what is 10304300 - 0?
10304300
In base 6, what is -14332154455 - -2?
-14332154453
In base 12, what is 5 + 1466ab56?
1466ab5b
In base 12, what is -1 + -9b7446?
-9b7447
In base 8, what is 112 - -1304212?
1304324
In base 4, what is -21100 + 1131210030?
1131122330
In base 15, what is 13c1979 - -2?
13c197b
In base 6, what is -422 - -21011?
20145
In base 13, what is -567 + -29480?
-29a17
In base 16, what is -1 - -1459bc7?
1459bc6
In base 15, what is 0 - 511238c?
-511238c
In base 12, what is 430 + -7168?
-6938
In base 12, what is a2 - -33a2a2?
33a384
In base 4, what is 102 + 3010133010?
3010133112
In base 14, what is -59 + -98a41?
-98a9a
In base 16, what is 1 - -2e60bf?
2e60c0
In base 12, what is -1 + 1609644?
1609643
In base 15, what is da576 - 19?
da55c
In base 12, what is -2b1992 + -805?
-2b2597
In base 8, what is -15360 - -46011?
30431
In base 13, what is 93c9 + -11623?
-5227
In base 12, what is 33797b + -6?
337975
In base 9, what is 62084 + -4621?
56363
In base 16, what is -3df1c + -173?
-3e08f
In base 13, what is 5106a + -1048?
50022
In base 6, what is -15 + 40114031?
40114012
In base 12, what is 6 - -453050?
453056
In base 2, what is -1 - -101101101001000011101?
101101101001000011100
In base 16, what is 0 + -3b470e?
-3b470e
In base 7, what is 15 - -416453426?
416453444
In base 3, what is -112202222012110 - -201?
-112202222011202
In base 9, what is 1832 + -1260?
562
In base 11, what is 124833 - a47?
123897
In base 8, what is -1 - 10517043?
-10517044
In base 16, what is -8 - -9f2fd?
9f2f5
In base 15, what is -1b05c6a + 5?
-1b05c65
In base 12, what is -382 - -14801?
1443b
In base 13, what is -64c4c6 - -6?
-64c4c0
In base 10, what is -8927 + 84?
-8843
In base 10, what is -49 - -1949790?
1949741
In base 6, what is -50135035532 - -5?
-50135035523
In base 3, what is 1201111221 - 12200010?
1111211211
In base 14, what is -753 + 76cab?
76558
In base 12, what is -2203 - -111?
-20b2
In base 14, what is 298c06 + -4?
298c02
In base 13, what is 2a8b9 + 5429?
33015
In base 8, what is 3 - 25155653?
-25155650
In base 6, what is -24454 - 211130?
-240024
In base 9, what is 16566737 + 4?
16566742
In base 3, what is 1211022002012 - -122?
1211022002211
In base 16, what is -d4b2 + c5?
-d3ed
In base 11, what is 126 - -1aa332?
1aa458
In base 10, what is 577753 - -126?
577879
In base 7, what is 2335613412 - 2?
2335613410
In base 9, what is -8325771 - -7?
-8325763
In base 11, what is -509 + 147a3?
14295
In base 14, what is -25 + -62638?
-6265d
In base 8, what is -7726471 - -216?
-7726253
In base 9, what is 162764506 - 8?
162764487
In base 14, what is -40b + 161331?
160d24
In base 3, what is -1 + -11202112110110?
-11202112110111
In base 14, what is 1 - 4d698?
-4d697
In base 15, what is -763170 - -1c?
-763153
In base 11, what is 119611262 + 4?
119611266
In base 3, what is 2111200 - -20201?
2202101
In base 9, what is 446765 + 17?
446783
In base 11, what is 2 - -12484707?
12484709
In base 15, what is -b9834 + 13?
-b9821
In base 16, what is 24 + -4237c?
-42358
In base 8, what is 130727245 + 1?
130727246
In base 16, what is -3160 + 2f1?
-2e6f
In base 9, what is 4 + -63526?
-63522
In base 7, what is 46 - 21250233?
-21250154
In base 11, what is 1 + -11627927?
-11627926
In base 6, what is 532 + 153212?
154144
In base 9, what is -72 + -754803?
-754875
In base 7, what is -42 - 2616335?
-2616410
In base 16, what is f7c - 2b0?
ccc
In base 7, what is -204246341 + -15?
-204246356
In base 3, what is -11 - 211220000202010?
-211220000202021
In base 7, what is -33 - 1425136?
-1425202
In base 9, what is -38 + 2482?
2443
In base 13, what is 12 - 404024?
-404012
In base 7, what is 1 - -52414363?
52414364
In base 3, what is -1 + -1101111202102?
-1101111202110
In base 14, what is -c927 - -1d?
-c908
In base 4, what is -3001320101 + -212?
-3001320313
In base 12, what is 4 + -4031a8b3?
-4031a8ab
In base 8, what is 11644211 - -6?
11644217
In base 4, what is 331201000101 + 10?
331201000111
In base 11, what is -8 - -5822504?
58224a7
In base 4, what is -12301303011022 - -11?
-12301303011011
In base 7, what is -3504 - 300605?
-304412
In base 8, what is -1527 - -330206?
326457
In base 2, what is 11010101000110101 + 1010011000010?
11011111011110111
In base 3, what is -20101112000022 + 22?
-20101112000000
In base 7, what is 15 - 213354613?
-213354565
In base 4, what is 11 - -11201023113000?
11201023113011
In base 15, what is -716 - b7e?
-1395
In base 7, what is 3003244 - 1204?
3002040
In base 16, what is 9 + -3dae11?
-3dae08
In base 13, what is 0 + -1510c24?
-1510c24
In base 4, what is 213023301 - 102?
213023133
In base 3, what is -112121021021020 + -1?
-112121021021021
In base 11, what is 1922 - -15964?
17786
In base 2, what is -10110110 + 1000010010110010?
1000001111111100
In base 7, what is 4254 - -160434?
165021
In base 6, what is -35024251 - -23?
-35024224
In base 3, what is -1222020 - 1210110202101?
-1210112201121
In base 2, what is -10101011010011110101101 + 10011?
-10101011010011110011010
In base 6, what is -235251 + -11254?
-250545
In base 2, what is -1011001010111110110 + 101111?
-1011001010111000111
In base 10, what is -1 + -30411823?
-30411824
In base 12, what is 130b660 + -10?
130b650
In base 13, what is -80279 + -85?
-80331
In base 8, what is 116231 + 565?
117016
In base 9, what is 8 - 25615273?
-25615264
In base 3, what is -1 - -21001212002100?
21001212002022
In base 2, what is 0 + 101001111000001011100001?
101001111000001011100001
In base 13, what is -a1a + -1c29?
-2946
In base 3, what is 1100021121010 - -10?
1100021121020
In base 7, what is 121251 + 643?
122224
In base 15, what is c5 + -2aa1c3?
-2aa0ed
In base 4, what is 113 - -112311112200?
112311112313
In base 15, what is -3c - 12ebabe?
-12ebb0b
In base 13, what is 4 + 544aa7?
544aab
In base 6, what is 33533 - -15540?
53513
In base 7, what is -30640002 + 12?
-30636660
In base 12, what is 4 - -12897361?
12897365
In base 5, what is -4230214000 + 3?
-4230213442
In base 9, what is -3816 + 657?
-3148
In base 7, what is -56125 - 11342?
-100500
In base 8, what is 377544 - -16?
377562
In base 2, what is -10000111010111101100010 + 1000?
-10000111010111101011010
In base 7, what is -30051 + 564412?
534331
In base 3, what is -21221000012112 + 11?
-21221000012101
In base 10, what is 473 - -61706?
62179
In base 10, what is 26 - 40907?
-40881
In base 15, what is -290ab5 + -2?
-290ab7
In base 13, what is -2ab + -3aa8?
-4086
In base 16, what is -55dd1 - -cf?
-55d02
In base 7, what is -51452343 - 43?
-51452416
In base 8, what is 2 - 502022415?
